omposite number?
True
Is 10498430363 composite?
False
Is 1856950937 a composite number?
False
Is 643670899 composite?
False
Is 62707153051 a composite number?
False
Is 211754651 prime?
True
Is 2904622051 composite?
False
Is 15701798401 a prime number?
False
Is 11915527271 a composite number?
False
Is 1248098737 composite?
True
Is 920250329 a composite number?
False
Is 1225029737 a prime number?
False
Is 2826361277 a prime number?
False
Is 104807428489 a composite number?
True
Is 74742100579 composite?
True
Is 1063224271 a composite number?
True
Is 68037171109 a composite number?
True
Is 54117769 prime?
False
Is 62455178371 composite?
False
Is 23966651071 a prime number?
False
Is 32623386349 composite?
False
Is 487562143 a prime number?
True
Is 22817918219 prime?
True
Is 869532991 a composite number?
True
Is 1425680731 prime?
False
Is 773517989 a composite number?
True
Is 98345067 a composite number?
True
Is 374338223 composite?
True
Is 793307311 composite?
True
Is 1100637134 prime?
False
Is 3516923209 composite?
True
Is 20292443597 a prime number?
False
Is 257476442257 prime?
True
Is 3773669023 composite?
True
Is 123461237 prime?
False
Is 335545245161 a composite number?
True
Is 30585271835 a composite number?
True
Is 891056893 a prime number?
True
Is 3010325621 a composite number?
False
Is 1215121951 a prime number?
True
Is 4516767929 a prime number?
True
Is 272995919421 a prime number?
False
Is 229129201 a prime number?
False
Is 404005807 composite?
False
Is 647585467 prime?
False
Is 37916848961 composite?
False
Is 6776420429 a composite number?
False
Is 391141859 composite?
False
Is 26755444589 composite?
True
Is 4672785823 a composite number?
True
Is 246290683 a composite number?
False
Is 1699028443 composite?
True
Is 203348309 a prime number?
False
Is 8388526423 a prime number?
True
Is 59975065133 a composite number?
False
Is 14272926251 prime?
True
Is 379454527 a prime number?
True
Is 750528581 composite?
True
Is 36091037449 a prime number?
True
Is 32893933181 a composite number?
True
Is 602427781 a prime number?
False
Is 16856287193 a prime number?
False
Is 7744313483 a prime number?
True
Is 684674989 a composite number?
False
Is 849618961 a prime number?
True
Is 290874503 a prime number?
False
Is 29148690383 a prime number?
False
Is 675649621 composite?
False
Is 314194607 prime?
True
Is 27960297353 a prime number?
False
Is 37662527653 a composite number?
True
Is 661896007 prime?
True
Is 56918723131 prime?
False
Is 781753615 composite?
True
Is 68988743653 a prime number?
True
Is 10558674131 prime?
True
Is 2643080617 composite?
False
Is 2397754757 prime?
True
Is 3692679037 a prime number?
False
Is 23935156199 prime?
True
Is 849579629 a composite number?
True
Is 3298881011 a composite number?
False
Is 6787651261 a prime number?
False
Is 96278262721 composite?
False
Is 74076194579 a composite number?
False
Is 6981463409 composite?
False
Is 21730219426 a composite number?
True
Is 932561369 composite?
False
Is 6288680507 prime?
True
Is 4364621333 a prime number?
True
Is 562201403 a composite number?
False
Is 915207613 prime?
False
Is 9880861 composite?
False
Is 18902288089 prime?
True
Is 669262983 a composite number?
True
Is 135250897 a composite number?
True
Is 309530327 prime?
True
Is 425947243 a composite number?
True
Is 37256440867 composite?
True
Is 16839246829 composite?
False
Is 21329101307 prime?
True
Is 141202500349 composite?
False
Is 528451541 a prime number?
False
Is 12883265957 composite?
False
Is 3613984249 a prime number?
True
Is 43203970258 prime?
False
Is 108183182999 prime?
False
Is 17013759193 a prime number?
True
Is 66966421 composite?
False
Is 14427802303 composite?
False
Is 1509089397 a prime number?
False
Is 636358206251 a prime number?
True
Is 6044605499 composite?
False
Is 40672071779 a composite number?
False
Is 2722988721 composite?
True
Is 6592014941 prime?
True
Is 1623825923 composite?
False
Is 94588965673 a composite number?
True
Is 22469933749 a prime number?
True
Is 23820964613 a composite number?
False
Is 37715223137 a prime number?
False
Is 3272366659 composite?
False
Is 10178654237 composite?
True
Is 1762653091 composite?
True
Is 3547395959 a composite number?
False
Is 41299392401 a composite number?
True
Is 2919301919 a composite number?
False
Is 20553516251 prime?
True
Is 360877453 a composite number?
True
Is 1705162883 prime?
False
Is 2316791561 composite?
True
Is 20854255523 a prime number?
True
Is 1403737589 a composite number?
False
Is 4573478047 composite?
False
Is 2876149741 composite?
False
Is 6126064709 prime?
True
Is 734305499 prime?
False
Is 13018126717 prime?
False
Is 6883195973 a prime number?
True
Is 2133351951 a prime number?
False
Is 7671518851 a prime number?
False
Is 452658257 composite?
True
Is 48805573 a composite number?
False
Is 106103371 prime?
False
Is 737343623 composite?
True
Is 58175727 a composite number?
True
Is 3460540783 a prime number?
False
Is 9176562839 composite?
True
Is 852389183 prime?
True
Is 7003160917 composite?
False
Is 51116998 a prime number?
False
Is 1475272199 a composite number?
True
Is 64508977613 a prime number?
False
Is 54063613187 a composite number?
False
Is 502990399 composite?
True
Is 11640654479 prime?
True
Is 51966989831 composite?
False
Is 619518751 composite?
False
Is 118338929 a composite number?
True
Is 18172859611 a prime number?
True
Is 22642907779 a composite number?
True
Is 28361677 prime?
False
Is 9976923517 composite?
True
Is 10531721479 a prime number?
True
Is 137853896933 a prime number?
False
Is 2367745853 a prime number?
False
Is 122878797 prime?
False
Is 11796044831 a prime number?
False
Is 24559215881 prime?
True
Is 302305778 a prime number?
False
Is 219533423 a composite number?
True
Is 50385590179 composite?
True
Is 9717478051 prime?
True
Is 47305695979 a composite number?
True
Is 1248159349 a prime number?
True
Is 470264881 prime?
True
Is 1278223799 a composite number?
False
Is 344790847 a prime number?
True
Is 1489008117 a prime number?
False
Is 548086639 a composite number?
False
Is 99679493 a prime number?
False
Is 262407947 a prime number?
True
Is 545964841 composite?
True
Is 3944810423 a composite number?
False
Is 97717751738 a composite number?
True
Is 42808392987 a prime number?
False
Is 7067011187 prime?
False
Is 44276467 a composite number?
False
Is 5699051627 composite?
True
Is 349801709 prime?
False
Is 1073542867 a composite number?
False
Is 3307572871 a composite number?
True
Is 2846841541 a composite number?
False
Is 3684769597 prime?
False
Is 49369566797 a prime number?
False
Is 32778010277 a composite number?
False
Is 19917276517 a prime number?
False
Is 28934968481 composite?
False
Is 18050892833 a prime number?
False
Is 19751071559 a composite number?
False
Is 14463424537 a composite number?
False
Is 5572193 a prime number?
False
Is 4211178893 composite?
True
Is 2564392723 composite?
False
Is 73263887 a composite number?
True
Is 1876228829 prime?
True
Is 4159454627 prime?
False
Is 384766939 a prime number?
False
Is 40325592331 a composite number?
False
Is 32142677051 composite?
False
Is 293381681 composite?
False
Is 423619787 a prime number?
False
Is 33716334599 a prime number?
True
Is 6408532583 a composite number?
False
Is 3114729689 a composite number?
False
Is 1533124883 prime?
False
Is 1047796933 a prime number?
False
Is 10677621389 composite?
True
Is 10249357759 a composite number?
True
Is 297034349 composite?
False
Is 890801917 prime?
False
Is 72388018961 composite?
False
Is 33285864473 composite?
True
Is 5152941401 a prime number?
True
Is 767528771 prime?
True
Is 6966219151 composite?
True
Is 32725236727 a prime number?
True
Is 3456495719 a composite number?
True
Is 146711317 prime?
False
Is 826820447 a prime number?
True
Is 65805630469 a composite number?
False
Is 1109945653 prime?
True
Is 53767978841 prime?
True
Is 49909961791 a composite number?
False
Is 244062179 a prime number?
True
Is 878843941 a composite number?
False
Is 161070319 prime?
True
Is 9487282319 a composite number?
False
Is 3954131911 composite?
True
Is 13035848239 a prime number?
False
Is 1504382611 a composite number?
True
Is 174520799 prime?
False
Is 11441270069 prime?
True
Is 6747049391 a composite number?
False
Is 16499074981 a co